 is the millions digit of 14483282?
4
What is the hundreds digit of 96533?
5
What is the ten thousands digit of 15383032?
8
What is the ten thousands digit of 483383?
8
What is the millions digit of 4693071?
4
What is the millions digit of 2108033?
2
What is the thousands digit of 19725859?
5
What is the ten thousands digit of 3304419?
0
What is the tens digit of 6551568?
6
What is the hundred thousands digit of 6708594?
7
What is the ten thousands digit of 2370119?
7
What is the hundred thousands digit of 22120106?
1
What is the tens digit of 401901?
0
What is the units digit of 135194?
4
What is the tens digit of 19157368?
6
What is the ten thousands digit of 313705?
1
What is the hundred thousands digit of 2414583?
4
What is the tens digit of 7120534?
3
What is the millions digit of 4676336?
4
What is the thousands digit of 665392?
5
What is the units digit of 19843787?
7
What is the hundred thousands digit of 11676629?
6
What is the thousands digit of 363515?
3
What is the ten thousands digit of 378384?
7
What is the hundreds digit of 1068071?
0
What is the tens digit of 74011?
1
What is the hundreds digit of 1432?
4
What is the ten thousands digit of 156325?
5
What is the tens digit of 121799?
9
What is the ten thousands digit of 143357?
4
What is the hundreds digit of 10540572?
5
What is the hundreds digit of 111142?
1
What is the ten thousands digit of 16588?
1
What is the thousands digit of 3000988?
0
What is the units digit of 3291397?
7
What is the hundreds digit of 8364684?
6
What is the thousands digit of 294401?
4
What is the ten thousands digit of 533847?
3
What is the tens digit of 19665087?
8
What is the hundreds digit of 1573005?
0
What is the ten thousands digit of 395692?
9
What is the hundreds digit of 534800?
8
What is the millions digit of 23021385?
3
What is the units digit of 3085399?
9
What is the units digit of 8175757?
7
What is the thousands digit of 1008850?
8
What is the hundreds digit of 10312334?
3
What is the thousands digit of 2903771?
3
What is the hundreds digit of 231097?
0
What is the ten thousands digit of 230938?
3
What is the tens digit of 188383?
8
What is the units digit of 26372594?
4
What is the ten thousands digit of 480676?
8
What is the units digit of 2256252?
2
What is the hundreds digit of 5821485?
4
What is the ten thousands digit of 62781?
6
What is the tens digit of 21418?
1
What is the tens digit of 194162?
6
What is the units digit of 202536?
6
What is the ten thousands digit of 151833?
5
What is the units digit of 122923?
3
What is the ten thousands digit of 3531160?
3
What is the millions digit of 4806446?
4
What is the thousands digit of 93986?
3
What is the hundreds digit of 4864969?
9
What is the tens digit of 4437386?
8
What is the tens digit of 1911081?
8
What is the hundreds digit of 241972?
9
What is the millions digit of 2750028?
2
What is the ten thousands digit of 238239?
3
What is the units digit of 3596431?
1
What is the tens digit of 5435100?
0
What is the units digit of 6515763?
3
What is the thousands digit of 294222?
4
What is the units digit of 3957325?
5
What is the ten thousands digit of 9194179?
9
What is the ten thousands digit of 24077285?
7
What is the hundred thousands digit of 15962949?
9
What is the millions digit of 4157053?
4
What is the thousands digit of 448304?
8
What is the thousands digit of 19495274?
5
What is the hundred thousands digit of 668412?
6
What is the ten thousands digit of 99775?
9
What is the hundreds digit of 635884?
8
What is the hundreds digit of 1229037?
0
What is the hundred thousands digit of 11567771?
5
What is the tens digit of 12645638?
3
What is the hundred thousands digit of 4510577?
5
What is the units digit of 613860?
0
What is the ten thousands digit of 526452?
2
What is the hundreds digit of 443684?
6
What is the ten millions digit of 16390723?
1
What is the tens digit of 140207?
0
What is the thousands digit of 3832699?
2
What is the thousands digit of 5826679?
6
What is the hundred thousands digit of 2430328?
4
What is the tens digit of 1712355?
5
What is the tens digit of 280645?
4
What is the hundreds digit of 1658610?
6
What is the ten thousands digit of 846960?
4
What is the thousands digit of 84073?
4
What is the hundred thousands digit of 2579348?
5
What is the ten thousands digit of 419398?
1
What is the tens digit of 214533?
3
What is the hundreds digit of 375869?
8
What is the hundreds digit of 108432?
4
What is the hundreds digit of 282137?
1
What is the tens digit of 358146?
4
What is the tens digit of 1144527?
2
What is the thousands digit of 1664115?
4
What is the tens digit of 128493?
9
What is the ten thousands digit of 1650847?
5
What is the ten millions digit of 14953832?
1
What is the units digit of 652465?
5
What is the hundreds digit of 788549?
5
What is the ten thousands digit of 1680542?
8
What is the thousands digit of 732650?
2
What is the ten thousands digit of 166509?
6
What is the tens digit of 93679?
7
What is the tens digit of 12796063?
6
What is the thousands digit of 313816?
3
What is the hundreds digit of 1122550?
5
What is the millions digit of 12518786?
2
What is the hundreds digit of 35114?
1
What is the hundred thousands digit of 288161?
2
What is the units digit of 81424?
4
What is the hundred thousands digit of 338415?
3
What is the tens digit of 42273?
7
What is the units digit of 2677478?
8
What is the tens digit of 338618?
1
What is the thousands digit of 80477?
0
What is the ten millions digit of 38826319?
3
What is the units digit of 800869?
9
What is the hundred thousands digit of 119971?
1
What is the ten thousands digit of 3662266?
6
What is the thousands digit of 7641320?
1
What is the thousands digit of 314075?
4
What is the ten thousands digit of 15444190?
4
What is the ten thousands digit of 17582163?
8
What is the thousands digit of 134237?
4
What is the hundred thousands digit of 2047309?
0
What is the units digit of 132646?
6
What is the tens digit of 36617876?
7
What is the thousands digit of 18868983?
8
What is the hundreds digit of 10313350?
3
What is the hundreds digit of 689535?
5
What is the tens digit of 322898?
9
What is the tens digit of 3327407?
0
What is the tens digit of 80261?
6
What is the tens digit of 777052?
5
What is the tens digit of 13812904?
0
What is the millions digit of 8873708?
8
What is the thousands digit of 1397115?
7
What is the ten thousands digit of 2839684?
3
What is the units digit of 205112?
2
What is the ten thousands digit of 79530?
7
What is the ten thousands digit of 56455?
5
What is the thousands digit of 4690425?
0
What is the tens digit of 1645827?
2
What is the ten millions digit of 24565270?
2
What is the thousands digit of 2730483?
0
What is the units digit of 15280?
0
What is the hundreds digit of 3568390?
3
What is the tens digit of 351925?
2
What is the thousands digit of 869997?
9
What is the thousands digit of 2222170?
2
What is the ten thousands digit of 1029005?
2
What is the hundred thousands digit of 1917836?
9
What is the ten thousands digit of 968599?
6
What is the ten thousands digit of 274166?
7
What is the millions digit of 19317404?
9
What is the thousands digit of 25738030?
8
What is the units digit of 86729?
9
What is the ten thousands digit of 2070596?
7
What is the thousands digit of 10055718?
5
What is the ten thousands digit of 14527254?
2
What is the hundreds digit of 123628?
6
What is the millions digit of 1723756?
1
What is the millions digit of 2934005?
2
What is the hundred thousands digit of 9935105?
9
What is the units digit of 5815486?
6
What is the tens digit of 1377816?
1
What is the hundreds digit of 213323?
3
What is the tens digit of 129398?
9
What is the ten thousands digit of 675471?
7
What is the ten thousands digit of 6684493?
8
What is the thousands digit of 377924?
7
What is the hundreds digit of 16626973?
9
What is the ten thousands digit of 2519576?
1
What is the ten thousands digit of 401854?
0
What is the ten thousands digit of 584531?
8
What is the hundred thousands digit of 887728?
8
What is the tens digit of 437686?
8
What is the millions digit of 4249551?
4
What is the units digit of 1938833?
3
What is the hundred thousands digit of 1299188?
2
What is the tens digit of 3518595?